{"id":46,"date":"2019-08-07T14:36:23","date_gmt":"2019-08-07T14:36:23","guid":{"rendered":"http:\/\/gartenbauverein-stein.de\/?page_id=46"},"modified":"2026-04-24T08:20:52","modified_gmt":"2026-04-24T08:20:52","slug":"jahresprogamm","status":"publish","type":"page","link":"https:\/\/gartenbauverein-stein.de\/?page_id=46","title":{"rendered":"Jahresprogamm"},"content":{"rendered":"<p><b><span style=\"color: black;\">Geplante Veranstaltungen<\/span><\/b><\/p>\n<p><span style=\"color: black;\">Liebe Mitglieder und G\u00e4ste, nat\u00fcrlich haben wir uns auch f\u00fcr das Jahr 2026 einiges vorgenommen. <\/span><br \/>\nEinige Termine konnten noch nicht festgelegt werden. Sollten sich zu anderen Terminen \u00c4nderungen ergeben, werden wir zeitgerecht per E-Mail, \u00fcber unser Bl\u00e4ttle oder auf unserer Homepage, informieren.<\/p>\n<table style=\"width: 97.478621%; height: 466px;\" width=\"520\">\n<tbody>\n<tr style=\"height: 24px;\">\n<td style=\"width: 18.461859%; height: 24px;\" width=\"123\">16.01.2026<\/td>\n<td style=\"text-align: left; width: 95.273369%; height: 24px;\" width=\"397\">Stammtisch im Treffpunkt<\/td>\n<\/tr>\n<tr style=\"height: 24px;\">\n<td style=\"width: 18.461859%; height: 24px;\" width=\"123\">31.01.2026<\/td>\n<td style=\"text-align: left; width: 95.273369%; height: 24px;\" width=\"397\">Winterwanderung<\/td>\n<\/tr>\n<tr style=\"height: 24px;\">\n<td style=\"width: 18.461859%; height: 24px;\" width=\"123\">07.03.2026<\/td>\n<td style=\"text-align: left; width: 95.273369%; height: 24px;\" width=\"397\">Winterschnitt am Bauernhof Reisch Oberweihersbuch<\/td>\n<\/tr>\n<tr style=\"height: 24px;\">\n<td style=\"width: 18.461859%; height: 24px;\" width=\"123\">20.03.2026<\/td>\n<td style=\"text-align: left; width: 95.273369%; height: 24px;\" width=\"397\">Stammtisch im Treffpunkt<\/td>\n<\/tr>\n<tr style=\"height: 24px;\">\n<td style=\"width: 18.461859%; height: 24px;\" width=\"123\">21.03.2026<\/td>\n<td style=\"text-align: left; width: 95.273369%; height: 24px;\" width=\"397\">mit dem J\u00e4ger in den Wald<\/td>\n<\/tr>\n<tr style=\"height: 24px;\">\n<td style=\"width: 18.461859%; height: 24px;\" width=\"123\">24.04.2026<\/td>\n<td style=\"text-align: left; width: 95.273369%; height: 24px;\" width=\"397\">Mitgliederversammlung<\/td>\n<\/tr>\n<tr style=\"height: 24px;\">\n<td style=\"width: 18.461859%; height: 24px;\" width=\"123\">25.04.2026<\/td>\n<td style=\"text-align: left; width: 95.273369%; height: 24px;\" width=\"397\">Kleine Fr\u00fchjahrswanderung<\/td>\n<\/tr>\n<tr style=\"height: 24px;\">\n<td style=\"width: 18.461859%; height: 24px;\" width=\"123\">09.05.2026<\/td>\n<td style=\"text-align: left; width: 95.273369%; height: 24px;\" width=\"397\">Stein bl\u00fcht \u2013 Ehrung<\/td>\n<\/tr>\n<tr style=\"height: 24px;\">\n<td style=\"width: 18.461859%; height: 24px;\" width=\"123\">09.05.2026<\/td>\n<td style=\"text-align: left; width: 95.273369%; height: 24px;\" width=\"397\">Stadtrallye<\/td>\n<\/tr>\n<tr style=\"height: 24px;\">\n<td style=\"width: 18.461859%; height: 24px;\" width=\"123\">10.05.2026<\/td>\n<td style=\"text-align: left; width: 95.273369%; height: 24px;\" width=\"397\">Stadtfest<\/td>\n<\/tr>\n<tr style=\"height: 24px;\">\n<td style=\"width: 18.461859%; height: 24px;\" width=\"123\"><\/td>\n<td style=\"text-align: left; width: 95.273369%; height: 24px;\" width=\"397\"><strong>Vorschau auf das 2. Halbjahr<\/strong><\/td>\n<\/tr>\n<tr style=\"height: 24px;\">\n<td style=\"width: 18.461859%; height: 24px;\" width=\"123\"><\/td>\n<td style=\"text-align: left; width: 95.273369%; height: 24px;\" width=\"397\">Freiluftstammtische je nach Wetterlage<\/td>\n<\/tr>\n<tr style=\"height: 24px;\">\n<td style=\"width: 18.461859%; height: 24px;\" width=\"123\">13.06.2026<\/td>\n<td style=\"text-align: left; width: 95.273369%; height: 24px;\" width=\"397\">Tagesfahrt Landesgartenschau Ellwangen<\/td>\n<\/tr>\n<tr style=\"height: 24px;\">\n<td style=\"width: 18.461859%; height: 24px;\" width=\"123\">28.06.2026<\/td>\n<td style=\"text-align: left; width: 95.273369%; height: 24px;\" width=\"397\">Tag der offenen Gartent\u00fcr<\/td>\n<\/tr>\n<tr style=\"height: 24px;\">\n<td style=\"width: 18.461859%; height: 24px;\" width=\"123\">25.07.2026<\/td>\n<td style=\"text-align: left; width: 95.273369%; height: 24px;\" width=\"397\">Sommerschnittkurs am Bauernhof Reisch Oberweihersbuch<\/td>\n<\/tr>\n<tr style=\"height: 24px;\">\n<td style=\"width: 18.461859%; height: 24px;\" width=\"123\">13.09.2026<\/td>\n<td style=\"text-align: left; width: 95.273369%; height: 24px;\" width=\"397\">Herbstimpressionen im Kreislehrgarten<\/td>\n<\/tr>\n<tr style=\"height: 24px;\">\n<td style=\"width: 18.461859%; height: 24px;\" width=\"123\"><\/td>\n<td style=\"text-align: left; width: 95.273369%; height: 24px;\" width=\"397\">Kleine Herbstwanderung<br \/>\nWeinfahrt<br \/>\nHerbstwanderung<\/td>\n<\/tr>\n<tr style=\"height: 24px;\">\n<td style=\"width: 18.461859%; height: 24px;\" width=\"123\">27.-39.11.2026<\/td>\n<td style=\"text-align: left; width: 95.273369%; height: 24px;\" width=\"397\">Weihnachtsmarkt<\/td>\n<\/tr>\n<tr style=\"height: 24px;\">\n<td style=\"width: 18.461859%; height: 24px;\" width=\"123\"><\/td>\n<td style=\"text-align: left; width: 95.273369%; height: 24px;\" width=\"397\">Stammtisch im Treffpunkt<\/td>\n<\/tr>\n<tr style=\"height: 24px;\">\n<td style=\"width: 18.461859%; height: 24px; text-align: left;\" width=\"123\">06.12.2026<\/td>\n<td style=\"text-align: left; width: 95.273369%; height: 10px;\" width=\"397\">Adventsnachmittag<\/td>\n<\/tr>\n<\/tbody>\n<\/table>\n<p>&nbsp;<\/p>\n<p><strong>Offene Stammtische<\/strong> sind ausschlie\u00dflich in den Sommermonaten bei sch\u00f6nem Wetter im Freien geplant.<\/p>\n","protected":false},"excerpt":{"rendered":"<p>Geplante Veranstaltungen Liebe Mitglieder und G\u00e4ste, nat\u00fcrlich haben wir uns auch f\u00fcr das Jahr 2026 einiges vorgenommen. Einige Termine konnten noch nicht festgelegt werden. Sollten sich zu anderen Terminen \u00c4nderungen<\/p>\n<p>\n                <span class=\"glyphicon glyphicon-arrow-right\"><a title=\"Continue reading\" href=\"https:\/\/gartenbauverein-stein.de\/?page_id=46\">Continue reading<\/a><\/span><\/p>\n","protected":false},"author":1,"featured_media":0,"parent":0,"menu_order":0,"comment_status":"closed","ping_status":"closed","template":"page-templates\/full-width.php","meta":{"footnotes":""},"class_list":["post-46","page","type-page","status-publish","hentry"],"_links":{"self":[{"href":"https:\/\/gartenbauverein-stein.de\/index.php?rest_route=\/wp\/v2\/pages\/46","targetHints":{"allow":["GET"]}}],"collection":[{"href":"https:\/\/gartenbauverein-stein.de\/index.php?rest_route=\/wp\/v2\/pages"}],"about":[{"href":"https:\/\/gartenbauverein-stein.de\/index.php?rest_route=\/wp\/v2\/types\/page"}],"author":[{"embeddable":true,"href":"https:\/\/gartenbauverein-stein.de\/index.php?rest_route=\/wp\/v2\/users\/1"}],"replies":[{"embeddable":true,"href":"https:\/\/gartenbauverein-stein.de\/index.php?rest_route=%2Fwp%2Fv2%2Fcomments&post=46"}],"version-history":[{"count":67,"href":"https:\/\/gartenbauverein-stein.de\/index.php?rest_route=\/wp\/v2\/pages\/46\/revisions"}],"predecessor-version":[{"id":583,"href":"https:\/\/gartenbauverein-stein.de\/index.php?rest_route=\/wp\/v2\/pages\/46\/revisions\/583"}],"wp:attachment":[{"href":"https:\/\/gartenbauverein-stein.de\/index.php?rest_route=%2Fwp%2Fv2%2Fmedia&parent=46"}],"curies":[{"name":"wp","href":"https:\/\/api.w.org\/{rel}","templated":true}]}}